Let p(o) = -o**2 - 2*o + 4. Give p(i).
-11
Let z(y) = 2*y**2 - 17*y - 25. Let c be z(10). Let h(i) = -i**3 + 4*i**2 + 4*i - 7. What is h(c)?
-12
Let s(o) = o**3 - 5*o**2 + o - 3. Let z(d) = -d**2 + 29*d - 73. Let c be z(25). Let b = 8 + 14. Let p = c - b. Determine s(p).
2
Let i(m) = -m**3 - 2*m**2 - 2*m - 2. Let w be (-7)/(-2)*10/5. Suppose w = 5*c + 2. Suppose 0 = -2*y + v + c, 5*y + v + 2*v = -25. Give i(y).
2
Let p(f) = -5*f**3 + 5*f**2 + 3*f. Let b(s) = 9*s**3 - 9*s**2 - 6*s - 2. Let c(w) = -4*b(w) - 7*p(w). Give c(0).
8
Let a(o) = o**2 - 6*o + 3. Let g = -7 + 14. Let r be -6 + 5 - (g + 0). Let z be (3/(-2))/(6/r). Give a(z).
-5
Let n(z) be the second derivative of 2*z**3/3 + 2*z**2 + 243*z - 2. Calculate n(-4).
-12
Let h(f) = 358*f - 2. Let i(y) = -128*y + 1. Let g(w) = -5*h(w) - 14*i(w). Suppose 2*j = 2 + 24. Let s = -8 + j. Determine g(s).
6
Let j(m) = 296*m - 152*m + m**2 - 131*m + 6. Determine j(-10).
-24
Suppose -4*w + 3*l = -20, -27*l = -28*l. Let u(g) = g**3 - 4*g**2 - 7*g + 3. Give u(w).
-7
Let q(b) = -10*b**2 + 3*b - 6. Let m be q(1). Let k(a) = -a**2 - 13*a - 7. What is k(m)?
-7
Let m(g) = g + 3. Let b be (-4 - -1)*(2 + (-12)/9). Let r be (-7)/2 - (15/b)/(-5). Calculate m(r).
-2
Let v(k) = 2*k**3 + 6*k**2 - 3*k - 1. Let w(t) be the second derivative of t**5/20 + t**4/4 - t**3/6 + 6*t. Let n(b) = -2*v(b) + 5*w(b). What is n(-2)?
4
Let h(p) = 33*p - 18. Let j(z) = 4*z - 2. Let t(s) = h(s) - 7*j(s). What is t(7)?
31
Let i(r) = 3*r - 30. Let q(x) = -x**3 + 10*x**2 + 11*x + 19. Let z be q(11). What is i(z)?
27
Let h(v) = -v**3 - 10*v**2 + 3*v + 27. Let k be h(-10). Let b(g) = -g**3 - 2*g**2 + 3*g - 1. Calculate b(k).
-1
Suppose -j = 3*y - 0*j + 11, -4*y - 10 = -j. Let b(i) = -2*i**2 + i - 5. Let x(v) = -2*v**2 + 2*v - 4. Let p(f) = y*x(f) + 2*b(f). Give p(2).
2
Let o be (-60)/(-14) + (-12)/42. Let v = 7 - o. Let w(r) = v*r + 0 - 1 - 3. Calculate w(3).
5
Let z(w) = 22*w**2 - 139. Let g(t) = -5*t**2 + 35. Let m(h) = -9*g(h) - 2*z(h). Determine m(0).
-37
Let u = 14 + -8. Suppose u*d = 2*d - 5*h - 11, h = -5*d + 2. Let w be (-2)/(1/(d/2)). Let x(b) = b**2 - b - 1. What is x(w)?
1
Let r(b) = -2*b**3 + 223 + b**3 - 241 + b**2. Let m be (-10)/15*1 - 2/(-3). What is r(m)?
-18
Let a(j) = j**3 - 3*j**2 + 4*j - 3. Let i = -3 + 8. Suppose 7*c = i*c + 6. Suppose -x + 3*z = c*x - 20, 0 = 2*x + 5*z + 16. What is a(x)?
1
Let x(y) = -2*y**2 - 6*y - 9. Let h(t) = -3*t**2 - 6*t - 8. Let g(o) = 3*h(o) - 4*x(o). Let l(z) be the first derivative of g(z). Let j = 5 - 1. Calculate l(j).
-2
Let o(u) be the second derivative of u**4/4 + u**3/6 - 2*u**2 + 148*u. Determine o(3).
26
Suppose 5 = -2*p + y - 9, 0 = 5*p - y + 29. Let u(m) = -9135 - 2*m + 4577 + 4561. Give u(p).
13
Let z(s) be the second derivative of -s**6/120 + s**5/10 + s**4/6 + 5*s**3/3 - 4*s**2 + 26*s. Let f(y) be the first derivative of z(y). Determine f(7).
-11
Let r(b) = b**3 + 15*b**2 + 4. Let x be r(-15). Suppose 0 = -3*y + x*k + 8, -2*y + 5*k + 21 = -y. Let u(h) = 4*h. Determine u(y).
-16
Let g(c) = -c + 9. Let i(d) = d. Let z(f) = -6*f - 9. Let k(r) = -35*i(r) - 5*z(r). Let s(p) = -11*g(p) + 2*k(p). Calculate s(8).
-1
Let p(h) = -2*h**3 + 4*h**2 - 3*h. Let g = -272 + 274. Give p(g).
-6
Let b be (-6)/(-33) + 13/(-11). Let d(s) = -2*s**2 + s + 2. Let x(z) = -5*z**2 + 4*z + 10. Let j(l) = -5*d(l) + x(l). Calculate j(b).
6
Suppose -9*h + 2 = -8*h. Let y(t) = 2*t + t**3 - 2*t**2 + 0 - 2*t**3 - h. Determine y(-3).
1
Let s(n) = 8*n**3 - n**2 + 3*n - 2. Let o(i) = -6*i**3 + 119*i**2 + 18*i + 41. Let d be o(20). What is s(d)?
8
Let s(r) be the third derivative of r**4/24 + r**3/2 + r**2. Let w = 41 - 22. Suppose -w = -4*h + 1. Determine s(h).
8
Let g(n) be the third derivative of n**6/120 - n**5/12 - 5*n**4/24 - 5*n**3/3 - 311*n**2. Determine g(6).
-4
Let v(q) be the first derivative of q**2 + 13*q + 78. Give v(-9).
-5
Let i(o) = -o**2 - 5*o + 4. Suppose 4*m - 8 = 12. Let s(a) = -2*a**2 - 10*a + 8. Let h(g) = m*i(g) - 2*s(g). Calculate h(-3).
10
Let j(w) = w + 72. Let q(f) = 60. Let m(v) = 2*j(v) - 3*q(v). Give m(21).
6
Let u = 530 + -533. Let p(l) = -l**3 + l**2 + 4*l + 1. Give p(u).
25
Let p = 1224 + -1231. Let s(j) = -j**3 - 7*j**2 + 2*j + 3. Determine s(p).
-11
Suppose 3*x + 0*t - 10 = -2*t, -3*x + 5*t = -17. Let p be 10/x + (-2)/4. Let m(a) = -1 - 158*a + 1 + 153*a. What is m(p)?
-10
Let q(z) = 2*z - 2. Let w be (-4 - -2 - -3)*-1. Let g be w/(0 + (-4)/(-60)). Let x = 19 + g. Calculate q(x).
6
Let q(j) = j**2 + 7*j - 37. Let i be q(-11). Let o(r) = -3 + i*r - 13 + 20. Give o(4).
32
Let x = 15 - 13. Let c(i) = -8*i**2 - 13*i**2 + 17*i**x. Suppose q - 3*k - 2 + 1 = 0, -4*k = 0. Calculate c(q).
-4
Let i be 4*(-6 - (-4)/((-8)/(-11))). Let u(m) = -5*m - 4. Calculate u(i).
6
Let z = 5 + 2. Let t(j) = z*j - j**2 - 2*j - 3 - j + 7. What is t(5)?
-1
Let c(h) = h**3 + 7*h**2 + h - 5. Let j be 15*(-7 - 40/(-6)). What is c(j)?
40
Let i(a) = 7*a**2 + a - 1. Suppose 0 = 5*u + 5*x + 11 + 4, u - x = 5. Determine i(u).
7
Let z(a) = -a**3 + 8*a**2 - 8*a + 8. Suppose 5*y + 5 = 55. Let u be 65/26*8/y. Suppose -16 = -2*d + 2*l, u = l + 3. Give z(d).
1
Let t(g) be the third derivative of g**5/60 + g**4/4 - 2*g**2. Let k be t(-6). Suppose 5*v + 7 + 3 = k. Let n(s) = -3*s + 2. Give n(v).
8
Suppose 8 = 7*d - 20. Let x be 2/4*(8 + -4). Let h(y) = -d*y**2 - 1 - 5*y**3 + 19*y**2 - 8*y**x - 5*y**2. Give h(1).
-4
Suppose -3*r + 32 = 2*i, 0 = -3*r + 2*r + 3*i - 4. Let x(a) = 18*a**2 - 5 - 9*a**3 - 24*a**2 + 8*a**3 + r*a. Determine x(-7).
-12
Let y(l) = -l**2 + 65*l + 424. Let s be y(-6). Let b(f) = f**3 + 2*f**2 - 5*f - 7. Determine b(s).
3
Let b be 6 - 9 - (-14)/1. Let f(x) = x**2 - 11*x + 3. Let a be f(b). Let i(w) = 3*w - 2 + 5*w - 14*w + a*w. Determine i(3).
-11
Suppose 21 = -x + 4*n, 5*x + 5 = -3*n + 15. Let p(b) = 16*b + 1. Let t(i) = 98*i + 5. Let h(m) = 6*p(m) - t(m). Give h(x).
3
Let n(r) be the first derivative of r**3/3 + 3*r**2 - 12*r + 231. What is n(-6)?
-12
Let y be 6/9*-3*4. Let s(x) = -4*x + 1. Calculate s(y).
33
Let s(r) = -r**3 + 3*r**2 - 2*r. Suppose 5*i - 2*a - 2*a - 18 = 0, -2*i + 3*a + 10 = 0. Give s(i).
0
Let j(q) be the third derivative of q**4/24 + 7*q**3/6 + 4*q**2 - 4*q. Give j(0).
7
Let k(q) be the first derivative of q**3/3 - 3*q**2/2 + 3*q - 54. Let f(i) = -5 - 4*i - i**3 - 3*i**2 - 2*i - 2*i**2. Let y be f(-4). Determine k(y).
3
Let m(f) = -f + 7. Let d(n) = -n**2 + 5*n + 2. Let l be d(6). Let t be (l/(-3))/((-10)/(-30)). Let k be m(t). Let o(x) = x - 3. Give o(k).
0
Let j(x) = x**3 + 4*x**2 - 13*x - 8. Let m = -475 + 469. What is j(m)?
-2
Let i = -1 + 3. Let o = -56 - -59. Let m(x) = -o - 2*x - 5*x + 10*x. Give m(i).
3
Let s(d) be the third derivative of 0 + 0*d + 1/2*d**3 + 1/24*d**4 - 1/120*d**6 + 7*d**2 + 1/10*d**5. Give s(6).
9
Suppose p - 6*p - 4*n = 0, -4*p + 5*n = 0. Let g be (0/(-4))/(2*(1 - p)). Let c(q) = -q**3 - 5. Determine c(g).
-5
Let l(a) = -a**3 + 4*a**2 - a - 1. Suppose 4*f - 5*g - 6 = 0, 4*g - 6 = g. Let h be l(f). Let b(i) = -i - 3. Determine b(h).
2
Let r be 12/(1 + -1 + 6 + -5). Suppose -28 = -8*z + r. Let m(a) = -a**2 + 6*a + 3. Give m(z).
8
Suppose 2*n + 140 = -3*n. Let i be (1/1)/(7/n). Let k(s) = -5*s**2 + 4 + 2*s - 7*s + 0*s**2 - s**3 + 3*s. Determine k(i).
-4
Let p(w) = 2*w**3 + 9*w**2 - 6*w - 10. Let d(m) = m**3. Let x(q) = 3*d(q) - p(q). Let l = -1 - -1. Suppose -9*j - j + 80 = l. Give x(j).
-6
Let w(i) = -i**2 + 8*i - 13. Let f be w(6). Let s(c) = 9*c + 3. Give s(f).
-6
Let c(t) be the first derivative of -t**2 + t + 66. Give c(-4).
9
Let k(p) = -6 - 15 - 3*p - 4 - 1 + 0. Give k(-7).
-5
Let u(m) be the first derivative of m**2/2 - 4*m - 48. Suppose 5*x + 45 = -5*b, 0*x - 2*x = -3*b - 7. Let f = -1 - b. Give u(f).
0
Suppose -8*k - 16 = -16*k. Let l be (-26)/(-8) - (-2)/(-8). Let u(i) = 18*i**k + i**l - 18*i**2. Determine u(-1).
-1
Suppose 69 + 3 = 24*k. Let z(r) = -r**2 + r - 5. Determine z(k).
-11
Let p(q) = q**3 + 9*q**2 - 11*q - 14. Let s be p(-10). Let n = s + 5. Let j(b) = -3 - 6*b + 3*b + 2*b - n. What is j(0)?
-4
Suppose -8 = 2*p + 4*v, -2*v - 5 = -v. Let r(o) = 6*o - 81. Let b be r(17). Let q(w) = -b - 5*w + 28 - w**2 - w**2 + 3*w**2. Determine q(p).
13
Let i(u) be the first derivative of -34 + 1/2*u**2 + 9*u - 1/4*u**4 - 7/3*u**3. What is i(-7)?
2
